n (57/f)/((-8)/(-9) + -1) is divided by j(3).
12
Let l be (-84)/22 - 20/110. Calculate the remainder when 38 is divided by 3/(l/(-8)*3).
0
Let l = -3949 + 3974. What is the remainder when 560 is divided by l?
10
Let p(o) = 3*o**2 + 22*o - 256. What is the remainder when p(16) is divided by 110?
94
Let n = -68 + 71. Suppose 174 = n*p - 465. Suppose -6*c + 15 = -p. Calculate the remainder when c is divided by 14.
10
Let y = -3 - -34. Calculate the remainder when y is divided by (1872/(-192))/(9/(-48))*4/8.
5
Suppose 2*q + 5*x = 3*q - 715, 0 = 3*q + x - 2065. Suppose -684*s - 228 = -q*s. What is the remainder when 189 is divided by s?
37
Let f(w) = -w**3 - 8*w**2 + 87*w + 712. Calculate the remainder when (-4)/10 + 142/5 is divided by f(-9).
8
Let w(k) = -6*k + 5. Suppose -u - 263 + 41 = -2*p, 4*p + 5*u = 444. Suppose 105*i + 72 = p*i. What is the remainder when w(-5) is divided by i?
11
Let p(z) = -5*z - 16 - 13 + 27. What is the remainder when p(-12) is divided by (4 - 20/(-15))*3?
10
Suppose -59*u + 425*u - 10248 = 0. Calculate the remainder when 1311 is divided by u.
23
Let h = 702 + -380. What is the remainder when h is divided by 85?
67
Let m(w) = 3*w**2 + 20*w - 16. Let j(i) = -9*i**2 - 43*i + 2. Let q be j(-5). Calculate the remainder when 92 is divided by m(q).
12
Suppose -13*c + 2182 = 635. What is the remainder when 324 is divided by c?
86
Let f = 143 - 100. Suppose 3*s + f = z, 5*s + 48 = z + s. Suppose 0 = -31*q + z*q + 315. What is the remainder when q is divided by 22?
17
Let x(k) = 181*k - 9. Let v(u) = -60*u + 3. Let c(j) = -8*v(j) - 3*x(j). Calculate the remainder when c(-2) is divided by 19.
15
Suppose 0 = 5*g - 0*g - 2700. Suppose 3*t - 8 = 4, -4*o + g = -4*t. What is the remainder when o is divided by 24?
19
Suppose -11 = -s + 3*y, 3*s - 2042 + 1969 = -y. Calculate the remainder when 3/12 + (-295)/(-4) is divided by s.
5
What is the remainder when -6 + 12 + (1623 + -7 - 12) is divided by 519?
53
Let i = 31 + -17. Calculate the remainder when i is divided by (16 - (-264)/(-16))/(2/(-12)).
2
Let l(q) = q**2 + 8*q + 33. Let b = 1214 + -1207. Calculate the remainder when l(9) is divided by b.
4
Calculate the remainder when 312 is divided by ((-24)/126)/(6/(-45))*14.
12
Let h = 26 + -22. Suppose 0 = 3*m + 3*a + 3, -2*m + h*a + 14 = -m. Suppose -79 = -m*b - 39. What is the remainder when 56 is divided by b?
16
Suppose 14*z - 341 + 314 = 1163. Calculate the remainder when 1037 is divided by z.
17
Suppose -2*q - 2*c + 180 + 62 = 0, 3*c - 241 = -2*q. Suppose -127 = -a - q. What is the remainder when 17 is divided by a?
2
Suppose -9698 - 2506 = -54*n. Calculate the remainder when n is divided by 58.
52
Let b be (-12)/(-21) + (1966/14 - 0). Let n = -12 + b. Calculate the remainder when n is divided by 33.
30
Let c(a) = 5*a - 21. Suppose -5*b = -0*b - 30. Let u be c(b). What is the remainder when 3 - 2/(3*(-6)/u) is divided by 1?
0
Let i = -5240 - -5579. What is the remainder when i is divided by 49?
45
Let g(d) = d**3 + 17*d**2 - 20*d - 31. Let c be g(-18). Suppose -c*f + 860 = 4*z - 603, f = z - 377. Calculate the remainder when z is divided by 75.
72
Suppose -229 + 925 = 24*w. Calculate the remainder when 190 is divided by w.
16
Let d(a) = 64*a**2 + 3*a. Suppose -485542*v = -485810*v + 5628. What is the remainder when d(-2) is divided by v?
19
Let w be (26 - 2)*21/28. Suppose -4*z + 0*z + 3*d + 153 = 0, -4*z + 158 = -2*d. What is the remainder when z is divided by 0 + (w/(-6) - (-14 - 0))?
9
Let b = 176 + -186. Let x(s) = 2*s**2 + 17*s - 1. What is the remainder when x(b) is divided by 12?
5
Suppose 10075 = -102*q + 88207. Calculate the remainder when q is divided by 77.
73
Let c(o) = 522*o + 3318. Calculate the remainder when c(-3) is divided by 347.
17
Let w = -4821 - -5232. Calculate the remainder when w is divided by 71.
56
Let g(u) = u**3 + 16*u**2 + 26*u + 7. Suppose 3*k - 46 + 4 = 0. What is the remainder when g(-14) is divided by k?
7
Let i = -741 - -831. Calculate the remainder when i is divided by 83.
7
Let x be ((-2 + 6)/(11/(-440)))/1. Let h = -138 - x. Calculate the remainder when h is divided by 7.
1
Let k = -8780 + 15729. What is the remainder when k is divided by 158?
155
Suppose 0 = -5*z + 2*z + 15. Suppose z*v = v. Suppose f + v - 13 = 0. What is the remainder when f is divided by 8?
5
Let o(q) = -80*q - 3073. What is the remainder when o(-56) is divided by 462?
21
Suppose -b - 4*a + 76 = 0, 0 = -4*b + 490*a - 494*a + 268. What is the remainder when 172 is divided by b?
44
Let d(r) = -354*r + 8261. Calculate the remainder when d(20) is divided by 22.
15
Suppose 137*r = 142*r - 2265. Suppose 4*z + r = 7*z. Suppose -14 = 4*f - 5*f - 2*h, -h - 14 = -f. Calculate the remainder when z is divided by f.
11
Let i(k) be the second derivative of -k**2 + 1/20*k**5 + 1/2*k**4 - 8*k + 0 + 1/6*k**3. Calculate the remainder when i(-4) is divided by 9.
8
Suppose s - 105 = 5*p, 2*s = -2*p + 408 - 138. Let j = 158 - s. Calculate the remainder when 70 is divided by j.
14
Let o(v) = 8*v**3 - 3*v**2 - 16*v + 30. Let k(y) = y**3 + 8*y**2 - 5*y - 5. Calculate the remainder when k(-6) is divided by o(2).
47
Suppose 95 = 5*w + 8*z, 5*z = -1 - 24. What is the remainder when 161 is divided by w?
26
Suppose -35*m - 25960 = -57*m - 33*m. What is the remainder when m is divided by 72?
40
Calculate the remainder when (-6524)/(-35) + 10 - 4/10 is divided by (-4*1/8)/((-1)/18).
7
Suppose 644 = -0*k + 28*k. Calculate the remainder when 4504 is divided by k.
19
Suppose 4*c - p - 4473 = 12134, 12455 = 3*c - p. Calculate the remainder when c is divided by 49.
36
Suppose -15*a = -14*a + 1024. Calculate the remainder when 125 is divided by (a/(-160))/((-6)/(-5) - 1).
29
Suppose -4160 - 5803 = -123*p. Calculate the remainder when 547 is divided by p.
61
Suppose 5*z + 5*a = 480, -3*a - 76 = -7*z + 6*z. Suppose 2*l - 316 = x, 5*l + 3*x = -2*x + 790. Let v = l - z. What is the remainder when v is divided by 25?
17
Let o(f) = -f**2 - 19*f + 11. Calculate the remainder when o(-11) is divided by 6.
3
Suppose -5*k - 54 = -4*k. Let o be 958/(-6) - 36/k. What is the remainder when ((o/1)/(-3))/1 is divided by 9?
8
Let c be -5 - (0 - (6 + -269)). Let a = 277 + c. Suppose s + 0*s - 29 = -2*y, -3*s + 69 = -3*y. What is the remainder when s is divided by a?
7
Suppose 384*t - 6240 = 336*t. Calculate the remainder when 620 is divided by t.
100
Let y(s) = 445*s**2 + s - 1. Calculate the remainder when y(-1) is divided by 30.
23
Let k = -144 - -159. Suppose -273 = -k*b + 8*b. What is the remainder when b is divided by 24?
15
Let s be (6 - 20) + 7 + -7. Let q(g) = -20*g - 59. What is the remainder when q(s) is divided by 37?
36
Let v(y) be the second derivative of -y**5/20 + 3*y**4/2 - 19*y**3/6 + 49*y**2/2 + 49*y. What is the remainder when ((-117)/6)/(6/(-16)) is divided by v(17)?
7
Let u(j) = -j - 3. Let g be u(-6). Let x = 107 + 31. Suppose -g*p - 51 = -x. What is the remainder when p is divided by 5?
4
Let n(k) = -80*k - 70. Calculate the remainder when n(-3) is divided by 67.
36
Let l = -27 - -27. Let a(w) = 11*w - 7. Let g be a(1). Suppose f + 2*h - 73 = l, 0 = -9*f + g*f + 5*h + 290. Calculate the remainder when f is divided by 22.
19
Let c = -6417 - -7799. What is the remainder when c is divided by 66?
62
Let l(x) = x**2 - 37*x + 120. Let k = -453 - -456. Calculate the remainder when 157 is divided by l(k).
13
Let l = 9253 + -8146. What is the remainder when l is divided by 184?
3
Let w(s) = 2*s**2 + 3*s - 2. Suppose 40*f = -61*f - 27*f + 10880. What is the remainder when f is divided by w(3)?
10
Let b(n) = 2*n**3 - 3*n**2 + 21*n - 117. Calculate the remainder when (278/5)/(2/10) is divided by b(4).
43
Suppose -9*l + 1144 = -260. What is the remainder when 589 is divided by l?
121
Let m be 2/(4/1)*70/5. Suppose -3*w + m = -p, -7 = -4*w - 2*p + p. Suppose -10 = -8*b - w*b. What is the remainder when 1 is divided by b?
0
Let z = 37 - -48. Suppose 2*r + 2*r + 2*x = -8, -2*r - 4 = 3*x. Calculate the remainder when z is divided by 4 - ((-273)/14 - 1/r).
16
Suppose 4*x = 2*c - 198, -108 = -2*c + 3*x + 86. Suppose -9 - 534 = -5*s - 2*i, 4*i = s - c. Calculate the remainder when s is divided by 11.
8
Let k(g) = 32*g - 2. Let s be k(-3). Let a = -261 - -394. Let n = a 